13.
-a
What is -7 (base 9) in base 2?
-111
What is 1011 (base 2) in base 9?
12
Convert 231 (base 8) to base 5.
1103
What is 100000 (base 2) in base 3?
1012
Convert 10 (base 12) to base 10.
12
-9a (base 16) to base 11
-130
What is -4 (base 13) in base 5?
-4
What is -80 (base 12) in base 16?
-60
Convert 10 (base 5) to base 4.
11
Convert -14c (base 14) to base 15.
-129
What is -1 (base 14) in base 11?
-1
What is -11010000 (base 2) in base 11?
-17a
Convert 2 (base 7) to base 16.
2
Convert 350 (base 8) to base 11.
1a1
Convert 51 (base 8) to base 14.
2d
Convert -2 (base 16) to base 8.
-2
Convert -42 (base 6) to base 5.
-101
Convert -10 (base 10) to base 5.
-20
Convert -22 (base 5) to base 11.
-11
50 (base 11) to base 14
3d
What is 110020 (base 3) in base 15?
170
Convert -8 (base 14) to base 4.
-20
11 (base 5) to base 7
6
-6 (base 10) to base 2
-110
0 (base 5) to base 6
0
What is -3 (base 5) in base 15?
-3
What is 29 (base 10) in base 3?
1002
-5 (base 16) to base 13
-5
Convert 125 (base 8) to base 14.
61
-c0 (base 14) to base 15
-b3
1 (base 5) to base 14
1
What is 85 (base 10) in base 2?
1010101
What is -4 (base 7) in base 12?
-4
What is -25 (base 10) in base 5?
-100
Convert -135 (base 8) to base 13.
-72
Convert -10 (base 2) to base 6.
-2
Convert -10 (base 2) to base 7.
-2
1a (base 15) to base 6
41
Convert -42 (base 6) to base 14.
-1c
Convert 1 (base 9) to base 2.
1
What is -243 (base 6) in base 3?
-10200
25 (base 7) to base 2
10011
Convert 0 (base 11) to base 4.
0
Convert 16 (base 10) to base 4.
100
Convert 1011000 (base 2) to base 5.
323
-112 (base 7) to base 4
-322
210 (base 9) to base 15
b6
254 (base 9) to base 5
1321
6 (base 10) to base 16
6
What is -13 (base 4) in base 12?
-7
102 (base 4) to base 16
12
64 (base 12) to base 6
204
-2b (base 14) to base 3
-1110
What is 16 (base 7) in base 3?
111
Convert -32 (base 6) to base 15.
-15
Convert -a (base 11) to base 16.
-a
What is 133 (base 9) in base 4?
1233
-2a (base 16) to base 14
-30
Convert 3 (base 11) to base 8.
3
Convert a (base 13) to base 9.
11
What is -42 (base 6) in base 13?
-20
Convert -4 (base 13) to base 4.
-10
-1d7 (base 15) to base 8
-653
What is 221 (base 3) in base 6?
41
What is -123 (base 7) in base 11?
-60
Convert 324 (base 6) to base 12.
a4
1000000 (base 2) to base 6
144
35 (base 6) to base 4
113
Convert -32 (base 8) to base 2.
-11010
What is 16 (base 14) in base 7?
26
107 (base 12) to base 16
97
Convert -2 (base 8) to base 15.
-2
Convert -34 (base 7) to base 10.
-25
-120 (base 3) to base 2
-1111
-9 (base 14) to base 5
-14
1 (base 12) to base 13
1
What is -4 (base 8) in base 13?
-4
Convert 11110011 (base 2) to base 4.
3303
-12 (base 6) to base 3
-22
What is -23 (base 8) in base 10?
-19
-1 (base 16) to base 10
-1
Convert -2 (base 3) to base 9.
-2
-2011 (base 3) to base 4
-322
What is 1111 (base 2) in base 10?
15
-1011 (base 2) to base 15
-b
What is -43 (base 10) in base 9?
-47
2 (base 10) to base 4
2
Convert -1a8 (base 12) to base 10.
-272
31 (base 7) to base 3
211
Convert 1100 (base 6) to base 7.
510
a (base 11) to base 7
13
What is 2 (base 14) in base 9?
2
e (base 16) to base 3
112
Convert -d1 (base 15) to base 10.
-196
-39 (base 11) to base 3
-1120
-33 (base 5) to base 10
-18
What is -1b8 (base 13) in base 10?
-320
-7 (base 15) to base 6
-11
Convert -4 (base 12) to base 2.
-100
What is 113 (base 4) in base 6?
35
What is 3 (base 11) in base 12?
3
Convert 8 (base 9) to base 12.
8
Convert -65 (base 12) to base 11.
-70
Convert -1 (base 8) to base 5.
-1
What is -1 (base 14) in base 15?
-1
Convert 7 (base 14) to base 3.
21
0 (base 7) to base 6
0
Convert -23 (base 6) to base 16.
-f
What is -48 (base 15) in base 12?
-58
What is 0 (base 9) in base 8?
0
What is 0 (base 2) in base 9?
0
What is 2 (base 4) in base 8?
2
Convert 2 (base 11) to base 5.
2
1 (base 8) to base 13
1
What is 0 (base 11) in base 2?
0
What is -3 (base 12) in base 11?
-3
Convert 37 (base 9) to base 8.
42
Convert -110011 (base 3) to base 8.
-510
Convert 12 (base 8) to base 5.
20
Convert -10 (base 3) to base 8.
-3
2 (base 6) to base 15
2
51 (base 10) to base 15
36
Convert -10 (base 7) to base 11.
-7
4 (base 9) to base 13
4
Convert -2 (base 7) to base 9.
-2
6 (base 13) to base 6
10
What is -8 (base 15) in base 12?
-8
Convert -111100 (base 2) to base 10.
-60
-1120 (base 3) to base 9
-46
Convert 22 (base 10) to base 5.
42
Convert 45 (base 8) to base 2.
100101
220 (base 3) to base 6
40
6 (base 7) to base 5
11
Convert -1132 (base 6) to base 15.
-132
What is 2 (base 12) in base 7?
2
Convert -45 (base 12) to base 11.
-49
What is 323 (base 5) in base 8?
130
What is -1012 (base 6) in base 7?
-440
What is 6 (base 13) in base 16?
6
14 (base 14) to base 8
22
What is 10100011 (base 2) in base 16?
a3
Convert -3 (base 13) to base 15.
-3
What is 3 (base 15) in base 11?
3
What is 103 (base 4) in base 10?
19
Convert 99 (base 13) to base 11.
105
What is -3 (base 16) in base 14?
-3
What is 136 (base 7) in base 3?
2211
-2 (base 3) to base 16
-2
What is 7 (base 9) in base 15?
7
Convert 1 (base 5) to base 12.
1
-8 (base 15) to base 6
-12
Convert 1 (base 5) to base 11.
1
Convert c (base 15) to base 8.
14
-1 (base 15) to base 4
-1
Convert b7 (base 14) to base 4.
2201
What is 1a (base 12) in base 8?
26
What is 96 (base 10) in base 5?
341
What is -96 (base 10) in base 4?
-1200
Convert -13 (base 15) to base 14.
-14
What is 11 (base 10) in base 2?
1011
What is -101 (base 2) in base 9?
-5
Convert -3 (base 5) to base 3.
-10
Convert -3 (base 13) to base 16.
-3
What is 63 (base 8) in base 10?
51
Convert 0 (base 7) to base 8.
0
What is -4 (base 12) in base 7?
-4
What is -20 (base 3) in base 5?
-11
Convert 2 (base 8) to base 2.
10
What is -5 (base 11) in base 13?
-5
Convert 10132 (base 4) to base 12.
1ba
4 (base 6) to base 12
4
Convert 3 (base 4) to base 8.
3
Convert -4 (base 9) to base 2.
-100
Convert -5e (base 15) to base 4.
-1121
44 (base 11) to base 2
110000
Convert -1 (base 3) to base 10.
-1
What is -1 (base 6) in base 12?
-1
1 (base 7) to base 8
1
Convert -112 (base 3) to base 14.
-10
What is 120 (base 3) in base 8?
17
-3 (base 5) to base 6
-3
What is -2 (base 5) in base 12?
-2
89 (base 10) to base 11
81
What is -35 (base 7) in base 5?
-101
Convert -118 (base 10) to base 9.
-141
19 (base 11) to base 13
17
Convert 100202 (base 3) to base 15.
128
What is 7 (base 10) in base 2?
111
What is 17 (base 11) in base 2?
10010
What is -5 (base 6) in base 10?
-5
31 (base 8) to base 9
27
-51 (base 13) to base 10
-66
What is 1 (base 15) in base 3?
1
-2 (base 8) to base 11
-2
What is 277 (base 10) in base 8?
425
Convert 31 (base 12) to base 8.
45
Convert 140 (base 5) to base 12.
39
Convert 7 (base 10) to base 5.
12
Convert 0 (base 6) to base 13.
0
-b7 (base 14) to base 13
-c5
Convert 58 (base 10) to base 8.
72
What is 223 (base 4) in base 7?
61
Convert 0 (base 12) to base 11.
0
Convert -74 (base 12) to base 7.
-154
-212 (base 4) to base 9
-42
-223 (base 6) to base 15
-5c
Convert -1001 (base 2) to base 9.
-10
Convert -6 (base 16) to base 2.
-110
Convert 2 (base 12) to base 16.
2
-16 (base 16) to base 6
-34
-10000 (base 3) to base 4
-1101
What is -1 (base 14) in base 2?
-1
Convert 54 (base 11) to base 13.
47
Convert 3 (base 8) to base 9.
3
What is 1 (base 15) in base 10?
1
What is -8 (base 15) in base 14?
-8
What is 1 (base 2) in base 4?
1
Convert 13 (base 15) to base 10.
18
What is 10010101 (base 2) in base 5?
1044
-4 (base 5) to base 15
-4
Convert 155 (base 6) to base 4.
1013
What is 0 (base 13) in base 4?
0
-332 (base 4) to base 11
-57
What is -103 (base 4) in base 9?
-21
12 (base 10) to base 16
c
Convert -10211 (base 3) to base 13.
-7c
What is 3 (base 9) in base 5?
3
Convert -325 (base 7) to base 5.
-1131
143 (base 13) to base 7
440
Convert 2201 (base 4) to base 15.
ab
What is -11 (base 5) in base 13?
-6
What is 112 (base 9) in base 15?
62
10 (base 9) to base 14
9
Convert 22 (base 3) to base 5.
13
Convert -102 (base 9) to base 16.
-53
3 (base 16) to base 4
3
Convert -112 (base 12) to base 9.
-185
Convert -11 (base 3) to base 8.
-4
What is -142 (base 8) in base 15?
-68
What is 1011100 (base 2) in base 8?
134
-70 (base 12) to base 13
-66
Convert -26 (base 12) to base 10.
-30
-310 (base 9) to base 5
-2002
Convert 9 (base 11) to base 16.
9
What is -2 (base 12) in 